61 + k. What is the highest common factor of x and 15?
15
Suppose -4*b - b = -25. Suppose t + 60 = -b*t. Let y = 36 + t. What is the highest common factor of y and 39?
13
Suppose -7*w - 32 = 17. Let u(r) = -r**3 - 6*r**2 - 2*r + 7. Let s be u(w). Suppose 2*l + 20 = 4*l. Calculate the highest common divisor of s and l.
10
Let i(w) = w**2 + 2*w + 19. Let r = -43 - -43. Let m be i(r). What is the greatest common factor of m and 247?
19
Let c = -57 - -47. Let m(q) = -13*q - 10. Let b(g) = 7*g + 4. Let k(u) = c*b(u) - 4*m(u). Let x be k(-2). Calculate the highest common factor of 24 and x.
12
Let r = -259 - -261. Suppose -4*k + 5*s = -121, r*s = -3*k + k + 56. What is the greatest common divisor of k and 29?
29
Suppose -816 = 19*m - 23*m. What is the greatest common divisor of m and 48?
12
Let c(r) be the first derivative of 3*r - 4/3*r**3 - 1/2*r**2 - 1/2*r**4 - 1. Let m be c(-3). What is the highest common divisor of m and 3?
3
Suppose -200*m - 795 = -201*m - 5*v, 4*m + 5*v = 3315. Calculate the greatest common divisor of m and 2898.
42
Suppose 4*h = -20, 28 = 4*f - h - 1. Suppose -3*a + 2*c = -518, -2*a - 3*a + 866 = -2*c. Calculate the highest common factor of f and a.
6
Suppose -246310 = 37*o - 838308 - 822068. What is the greatest common factor of o and 388?
194
Suppose 322*q - 354*q = -864. What is the highest common factor of q and 1305?
9
Let l be 79 - 81 - 10/(-1) - -232. Calculate the greatest common divisor of 3280 and l.
80
Let o = -20429 + 23578. Calculate the highest common divisor of 67 and o.
67
Suppose 0 = -4*l + 2*j + 668, -2*l - 215*j + 211*j + 364 = 0. What is the greatest common factor of l and 85?
85
Let z be 325/3 + 2/(-6). Let l be (-1536)/(-20) + -4 - (-28)/(-35). Calculate the greatest common divisor of z and l.
36
Let q(l) = -l**3 - 9*l**2 - 8*l - 15. Let k be q(-8). Let y = 41 + k. Let j = 53 - y. Calculate the greatest common factor of j and 9.
9
Let u(s) = -s**2 + 7*s + 7. Suppose -15*p - 40 = -40. Let x be u(p). Calculate the highest common factor of x and 21.
7
Let u be 536/(-54) + 110/(-1485) - -12535. What is the greatest common divisor of 75 and u?
75
Let p(m) = -m**3 + m**2 + 17*m + 25. Let o be p(-2). Suppose 0 = -5*v - 2*r + 4*r + 52, 5*r = o*v - 16. Calculate the greatest common divisor of v and 192.
12
Let w = -112 - 30. Let t = w - -205. Let i = 69 - t. What is the highest common factor of i and 15?
3
Suppose 933 = -27*l + 204. Let u(z) = z**2 + 33*z + 195. Let d be u(l). Let x = -16 + 27. What is the highest common factor of x and d?
11
Let f be 0 - (2 + -3 + -3). Suppose -d = v - 6*d + 16, -d = -f*v + 12. Suppose 2*l + 8 = 0, v*b + 2*l + 0 = 20. What is the greatest common factor of b and 14?
7
Suppose 37*h - 4899 = 7755. What is the highest common divisor of 304 and h?
38
Let k = 34 + -30. Suppose 8*h = k*h + 160. What is the greatest common factor of h and 140?
20
Let u(v) = -108*v + 562. Let i be u(5). What is the greatest common factor of 3883 and i?
11
Let d(s) = 3*s**3 + 569*s**2 + 5 - 193*s**2 - 8*s - 191*s**2 - s**3 - 188*s**2. Let u be d(4). Calculate the highest common divisor of u and 424.
53
Let i be (0 - 1 - -3)/1. Let f(r) = 5*r + r - 2*r - 3*r**3 - 22 + r**3 + 36*r**i. Let x be f(18). What is the greatest common factor of 25 and x?
25
Suppose 5*t - 5*m - 13273 = 20382, -2*t = 3*m - 13447. What is the greatest common factor of 928 and t?
232
Let s be 2/((-266)/1026*4/(-14)). What is the highest common divisor of s and 288?
9
Let i be (-938)/(-4) - (-6 - (-187)/34). Suppose 5*g - 2*g - 135 = 0. Let t be 2/(g/(-47) + 1). What is the greatest common divisor of i and t?
47
Let i(b) = 369*b + 8086. Let q be i(-18). Calculate the greatest common factor of 4 and q.
4
Let l(b) = -b**3 + b**2 - b - 5. Let u be l(-5). Let v(o) = -o**3 + 12*o**2 - 4*o - 27. Let y be v(11). Calculate the greatest common divisor of y and u.
50
Let b = 152 + -529. Let l = b + 388. Calculate the greatest common divisor of l and 187.
11
Suppose 181 = -3*g + 505. Suppose i - g = -i. Suppose -22*p = 2*w - 572, -2*p + 5*w = -14 - 95. What is the highest common factor of i and p?
27
Let s(b) = -b**2 + 33*b + 26. Let t be s(33). What is the greatest common divisor of t and 923?
13
Suppose -y - n = -16, -7*y + 78 = -2*y + 3*n. What is the highest common factor of 235 and y?
5
Let h(l) = -l**2 + 60*l - 80. Let k be h(15). Calculate the highest common factor of k and 357.
119
Let u be (-18)/30 - (5 - 53/5). Suppose -u*l = -2*k - 305, -5*l + 2*l = k - 183. What is the greatest common divisor of 183 and l?
61
Suppose -4*a + 1789 = 5*v, 28*v - 26*v + 1810 = 4*a. Calculate the greatest common divisor of a and 123.
41
Let m be (13/1)/((-1)/2) + 4. Let b be (-23 - 1)*(-4 + m/(-8)). Calculate the greatest common divisor of b and 480.
30
Suppose 2*y = -q - 0 + 1, 0 = 5*y - 3*q - 19. Suppose 18 = -2*i - y*p, -i + p - 69 = 4*i. Let r = 38 + i. Calculate the highest common divisor of 175 and r.
25
Let w be (3 - 11295/36)/((-2)/8). Calculate the greatest common divisor of w and 11.
11
Let n = 10325 - 7809. What is the highest common divisor of n and 408?
68
Let m = 107 - 112. Let l be (-4 + (-18)/m)*-1320. What is the highest common divisor of l and 48?
48
Suppose -548*i + 4158 - 353 + 4415 = 0. Let d be 160/6*(-3)/(-2). What is the highest common factor of i and d?
5
Let n(b) = b**3 - 33*b**2 - 31*b - 56. Let v be n(34). Let i be 5*38 + v/(-23). What is the greatest common factor of i and 47?
47
Let w(k) = -k**3 - 14*k**2 - 13*k + 34. Let d be w(-13). Let y be (-5)/((-3)/(d + -7)). Calculate the highest common divisor of y and 9.
9
Let w = 1861 - -1416. Calculate the highest common divisor of 226 and w.
113
Let j be (-21)/(-12) + (-16)/(-64). Suppose -l = 3*i - 3*l - 460, -j*i = l - 302. Calculate the greatest common divisor of i and 38.
38
Let n = -2462 + 2470. What is the greatest common divisor of n and 29?
1
Let a(v) = 6*v**3 - 7*v**2 - 213*v + 391. Let f be a(14). Calculate the greatest common divisor of 27 and f.
27
Suppose -9 = -u + 6. Suppose -392 = -12*q - 116. Suppose 0 = -z + q*z - 330. Calculate the greatest common divisor of u and z.
15
Let s(c) = -c**3 - 11*c**2 + 11*c + 23. Let z be s(-12). Suppose -36 = -z*r - r. Calculate the greatest common divisor of 23 and r.
1
Suppose 2*p = -c - 31, 0 = -0*c - 3*c - 4*p - 97. Let y = c + 41. Let b be (5 + -1)/1*3. What is the greatest common divisor of b and y?
6
Suppose 0 = -2*p - a + 7242, 5*p - 11029 = -2*a + 7076. What is the highest common divisor of 34 and p?
17
Let w be 10 + -1*(2 + -5). Let u(b) = 9*b**2 - 57*b + 4. Let x be u(7). Suppose 845 = -41*m + x*m. What is the greatest common divisor of w and m?
13
Suppose 21*g - 1765 + 2174 - 2866 = 0. Let a be 1 + -2 - (-135)/5. Calculate the highest common divisor of g and a.
13
Suppose -93*b + 4631004 = 4*b + 110*b. Calculate the greatest common divisor of b and 204.
68
Suppose -29*q + 4584 = -27*q + 4*z, 2*z + 4608 = 2*q. Suppose -18*a - q = -4*o - 21*a, -5*o = 5*a - 2875. What is the highest common divisor of o and 25?
25
Suppose -420 = 2*c - 8*c. Let x = 80 - c. Calculate the highest common divisor of 20 and x.
10
Let g = 196 + 268. Let l be 0/(-8) - (-24 - -7) - 1. Calculate the highest common factor of l and g.
16
Let b be (-2 + 2/4)/((-15)/50). Suppose -n = 4*j + 14, -n + 8 + 14 = -b*j. What is the greatest common divisor of n and 11?
1
Let k be 70/4 + 12*10/80. Calculate the greatest common divisor of 171 and k.
19
Suppose -1950*d = -63398 - 36052. Let k = 6 - 3. What is the highest common divisor of k and d?
3
Let x(v) = -v**2 + v - 124. Let a be x(0). Let s be a/6*3/(-2). Suppose m - 130 = -5*h, -3*h + 5*m + 137 = s. What is the greatest common divisor of 54 and h?
27
Suppose -x = x + 8, -3*t = 3*x + 12. Suppose -4*r - 2*l + 40 = t, 3*r - 3*l = 15 - 3. What is the greatest common divisor of r and 116?
4
Suppose t - 183 = -175. Let f(u) = u**3 - 9*u**2 + 6*u + 16. Let s be f(t). Suppose s = 26*p - 28*p + 14. What is the highest common divisor of 63 and p?
7
Suppose -535*r + 494*r + 63468 = 0. What is the greatest common factor of 144 and r?
36
Suppose -5*m = -5*w - 70, -2*m + w + 18 = 4*w. Let r(l) = l**3 + l**2 - 93*l + 24. Let p be r(0). Calculate the highest common divisor of m and p.
12
Let v be 4/(4/(-53))*(-18 - 102